11
Suppose -3*n = n - 192. List the prime factors of n.
2, 3
Let h(m) = m + 14. Let f be h(-12). What are the prime factors of 2 - (-1 + f - 17)?
2, 3
Let q = 354 - -6. List the prime factors of q.
2, 3, 5
Let p = -7 - -27. List the prime factors of p.
2, 5
Suppose 3*f - 50 = -4*h - 0*f, -4*h + 5*f + 34 = 0. List the prime factors of h.
11
Suppose d + 10 + 2 = 0. List the prime factors of (-1)/3 - 256/d.
3, 7
Let c = -301 + 426. What are the prime factors of c?
5
Suppose 3*a = 5*a - 106. Suppose -6*m + a = -m + 3*g, 4*g + 42 = 2*m. What are the prime factors of m?
13
Let n(o) = 2*o - 33*o**3 - 2*o**2 + 1 + 3*o**2 + 0*o**2. What are the prime factors of n(-1)?
3, 11
Suppose 4*v + 0 = 76. List the prime factors of v.
19
Suppose o + o - 12 = 0. Let z be 2/o - 104/(-3). Suppose -4*t + 9*t - z = 0. What are the prime factors of t?
7
Suppose -2*r + 0*z = -z + 12, 3*z = 0. Suppose -3*u + 44 = -2*u - 5*n, -32 = -u + 2*n. List the prime factors of u/4*(-4)/r.
2
Suppose -3 = 4*n + 5. Let y be (-1)/n - 6/4. List the prime factors of 3 + y - -5*2.
2, 3
Suppose -x + 42 = 1. Let n = x + -12. List the prime factors of n.
29
Let z(b) = -2*b - 9. Let c(p) = -p - 18. Let q be c(-9). What are the prime factors of z(q)?
3
Suppose -4*b = h - 34, 5*h + 3*b = -30 + 115. Let r be 6/(-21) - (-74)/h. What are the prime factors of r/(-25) + (-26)/(-5)?
5
Let j(f) = f + 12. Let i be j(-8). Suppose 0 = v - i*v + 18. What are the prime factors of v?
2, 3
What are the prime factors of 28 - 7 - (1 - 2)?
2, 11
Suppose o + 3*l + 2*l - 54 = 0, -2*o + 5*l = -168. What are the prime factors of o?
2, 37
Suppose -2*l + a = -4*a - 15, -l - 3*a = -2. Let u = l - 5. What are the prime factors of 12 - (2 - (1 + u))?
11
Let z be (-4 + 1)/((-1)/(-9)). Let q = 40 + z. What are the prime factors of -1 - q*(3 - 4)?
2, 3
Let b(s) = -s + 14. Let y be b(11). Suppose 2*o = -y + 7. Suppose -o*w = h - 14, 5*w = -2*h - h + 42. List the prime factors of h.
2, 7
Suppose -2*v + 82 = 3*l, -32 = -4*v - 5*l + 136. List the prime factors of v.
47
Suppose -5*j + 125 - 39 = g, 0 = -3*g - 2*j + 297. List the prime factors of g.
101
Let o(g) be the second derivative of -4*g**3/3 - 5*g**2 + g. What are the prime factors of o(-4)?
2, 11
What are the prime factors of (48/5)/(42/40 - 1)?
2, 3
Suppose -2*n + 3*c = 3*n - 41, -4*c + 27 = 5*n. Suppose 4*f = 4*g - n*g - 36, -2*f = g + 20. Let i = f - -20. List the prime factors of i.
2
Let t be (3/2)/(3/(-8)). What are the prime factors of 1 + 11 - (3 + t)?
13
Let v = -6 + 2. List the prime factors of -1 - -8 - (5 + v).
2, 3
Let h = 2 + -1. Let z = h - 0. Suppose 0 = -2*y + 13 + z. What are the prime factors of y?
7
Suppose -22 + 122 = 5*v. Suppose 2*u = -2*u - v. Let i = 12 + u. What are the prime factors of i?
7
List the prime factors of (-15)/6*(-4 - 2).
3, 5
Suppose 3*q = 162 + 69. List the prime factors of q.
7, 11
Let x(b) = -44*b + 1. Let a be x(-1). Suppose -4*g - g + a = 0. List the prime factors of g.
3
List the prime factors of (1 - 39 - 3)/(1/(-5)).
5, 41
Let r(j) = -j**3 + 5*j**2 + 7*j - 2. Let k be r(6). Suppose -k*z + 6 = -6. Let m = z + 1. List the prime factors of m.
2
Let v(b) = 2*b**2 - 5*b + 2. Let g be v(-4). Suppose 18*n - g = 16*n. List the prime factors of n.
3
Suppose -k - 380 = t - 6*t, 4*t - 3*k - 304 = 0. List the prime factors of t.
2, 19
Let m(l) = l**3 + 9*l**2 + 6*l + 8. Let h be m(-6). Suppose a + h = 5*t, 4*t - 119 = 4*a - 39. What are the prime factors of t?
3, 5
Let p(n) = n**3 - 4*n**2 + 2*n - 6. Let v be p(4). What are the prime factors of (-2 - -4)/(1/v)?
2
List the prime factors of -6*2/(-4) - -33.
2, 3
List the prime factors of 8/(-20) + (-308)/(-20).
3, 5
Suppose 10*h - 246 = 5*h + s, 145 = 3*h + 2*s. What are the prime factors of h?
7
Let w(b) = -3*b**3 + b**2. Let t be w(-1). Let k = -8 - -16. Suppose t*h = 16 + k. List the prime factors of h.
2, 3
Let b(j) be the third derivative of j**6/120 - j**5/60 + 9*j**3/2 + 7*j**2. List the prime factors of b(0).
3
Let l be 5/1*(-2)/(-5). Suppose 3*t - 2*m = l*t + 4, m = 3*t - 27. List the prime factors of t.
2, 5
Suppose -4*f + 3*o = -o - 380, 4*o + 180 = 2*f. List the prime factors of f.
2, 5
Suppose 5*x = -80 + 350. What are the prime factors of x?
2, 3
Let y(x) = -x**2 - 3*x + 2. Let f(u) = 3*u**2 + 9*u - 5. Let b(t) = -2*f(t) - 7*y(t). List the prime factors of b(-5).
2, 3
Let h be (-39)/(-12) + (-3)/12. Suppose -4*n = -k + 23, 5*k + 5*n + h = -7. Suppose -4*u - z + 50 = -2*z, 32 = 2*u + k*z. List the prime factors of u.
13
Let a(u) = -u**2 - 18*u - 18. What are the prime factors of a(-11)?
59
Let g(s) = -s**2 + 4*s + 1. Let q be g(3). Suppose 3*f + y - q*y = 0, 4*f = 3*y. Suppose 3*t - 2*t - 11 = f. What are the prime factors of t?
11
Suppose 0 = 4*o - 4 - 4. What are the prime factors of 18 - o/4*6?
3, 5
List the prime factors of 93/2 - 5/10.
2, 23
Let a = -4 - 3. Let v = a - -10. List the prime factors of v.
3
Let c(t) = t**2 - 8*t + 1. Let h be c(5). Let a = 10 - h. Suppose z - 3*z + a = -2*k, 2*z - 3*k = 25. List the prime factors of z.
11
Suppose x + 9*d - 4*d = 15, 3 = -3*x + d. What are the prime factors of (-15)/(-1) - (1 - x)?
2, 7
Let x be 0 - (11 + 1)*-1. Suppose -x = -2*s + 2. What are the prime factors of s?
7
Suppose -3*z = -13 - 59. List the prime factors of z.
2, 3
Let f(t) = -t**2 - 18*t - 12. What are the prime factors of f(-13)?
53
Let w = 20 - -9. What are the prime factors of w?
29
Let o(b) = b**3 + 4*b**2 - 2*b + 1. Suppose 0 = -3*s - 2*m - 2, 2*m = -0*s + 2*s + 18. What are the prime factors of o(s)?
3
Let h(s) = -s + 1. Let l be 2/(-1)*-1 - 3. Let w be h(l). Let r = 14 - w. List the prime factors of r.
2, 3
Suppose 2*z - 6*z + 268 = 0. Suppose 3*s - z = -1. List the prime factors of s.
2, 11
Suppose 191 - 497 = -6*w. List the prime factors of w.
3, 17
Let t = 59 + -7. Suppose -3*s + t = -53. Suppose 5*y - 5 = s. List the prime factors of y.
2
Let w = -10 - -14. Suppose -175 = -b - w*b. What are the prime factors of b?
5, 7
Suppose 0 = s - 5*r + 2 - 24, -3*s + 2*r + 14 = 0. Let v be (-2)/(-1) + s*1. Suppose 0 = 2*h - 0*h - y - 19, 0 = -v*h - y + 23. What are the prime factors of h?
7
Let o = 29 - 20. Suppose 0*l + l - o = 0. List the prime factors of l.
3
Let b(d) = -d**3 + 9*d**2 + 15*d - 12. Let o be b(10). Suppose 0*r = -2*r + o. List the prime factors of r.
19
Suppose -2*n - n = 0. Suppose 11*j - 7*j - 16 = n. Suppose 4*u - 74 = -i + 7, 0 = -3*u - j*i + 51. List the prime factors of u.
3, 7
Suppose -73*c + 77*c = 632. What are the prime factors of c?
2, 79
Let u be (-4)/2 + (3 - -9). Let t = 30 - u. List the prime factors of t.
2, 5
Suppose -z - 14 = -3*z. Let r(k) = k - 4. List the prime factors of r(z).
3
Let v(j) = j - 4. Let m be v(7). Suppose -g + 9 = -2*k, 0 = m*k + 4 + 2. What are the prime factors of g?
5
Let h be ((-6)/4)/(15/(-50)). List the prime factors of (h/10)/(1/6).
3
Let c(l) be the first derivative of l**2/2 - 7*l + 1. Let u be c(5). Let j = u - -4. What are the prime factors of j?
2
Let r(u) = u + 1. Let v be r(4). List the prime factors of (6/v)/((-3)/(-20)).
2
Let v = -66 - -243. What are the prime factors of v?
3, 59
Let h = 80 + -13. List the prime factors of h.
67
Suppose -5*c = 5*z - 20, -2*z + 2*c + 2*c - 10 = 0. Let s be -6 + (-8)/(-12)*6. Let w = z - s. What are the prime factors of w?
3
Let q(s) = -2*s - 8. Let m(h) = -h. Let i(y) = -4*m(y) + q(y). List the prime factors of i(8).
2
Let c be 4*1*81/12. Suppose f - c = z, -z - 25 = 4*z. What are the prime factors of f?
2, 11
Let c(q) = -q**2 + 4*q + 4. Let t be c(4). Suppose -t*b + 0*b = -68. What are the prime factors of b?
17
Suppose -4*a - a = -25. Suppose a*m - 100 = -9*o + 4*o, 0 = 5*o + 3*m - 100. List the prime factors of o.
2, 5
Let q = -5 - -10. Suppose -q*z + 64 = 19. What are the prime factors of z?
3
Let k(o) = 2*o**2 + 4*o + 16. What are the prime factors of k(-8)?
2, 7
Let l(z) = 14*z**3 - 4*z**2 + 7*z - 3. List the prime factors of l(3).
2, 3, 5
Let a = 3 - -3. Suppose 116 = a*f - 2*f. Let p = f - 16. List the prime factors of p.
13
Let f(r) = -2*r - 2. Let d be f(-2). Let q(c) = 7*c**d + 2*c**3 - 8*c + 3*c**3 + 9 - 4*c**3. What are the prime factors of q(-8)?
3
Let y be (-83)/(1 - (-4)/(-2)). Suppose -5*f + y = 13. List the prime factors of f.
2, 7
Let 